of 6963343.
1061, 6563
What are the prime factors of 688694?
2, 344347
List the prime factors of 417004.
2, 7, 53, 281
What are the prime factors of 142597?
7, 13, 1567
List the prime factors of 2068432.
2, 129277
What are the prime factors of 59741?
11, 5431
What are the prime factors of 712975?
5, 19, 79
List the prime factors of 1486235.
5, 297247
List the prime factors of 3693835.
5, 53, 263
What are the prime factors of 235883?
139, 1697
List the prime factors of 1396273.
1396273
List the prime factors of 209767.
209767
What are the prime factors of 28531776?
2, 3, 7, 13, 23, 71
List the prime factors of 1378948.
2, 59, 5843
What are the prime factors of 75798?
2, 3, 4211
List the prime factors of 269867.
13, 20759
What are the prime factors of 62662?
2, 17, 19, 97
List the prime factors of 216957.
3, 13, 5563
What are the prime factors of 736623?
3, 81847
What are the prime factors of 15672662?
2, 73, 107347
List the prime factors of 395232.
2, 3, 23, 179
List the prime factors of 438632.
2, 54829
List the prime factors of 892958.
2, 11, 37, 1097
List the prime factors of 6890.
2, 5, 13, 53
What are the prime factors of 689221?
13, 53017
List the prime factors of 37514790.
2, 3, 5, 523, 797
What are the prime factors of 201066?
2, 3, 23, 31, 47
What are the prime factors of 25484313?
3, 1009, 8419
List the prime factors of 5099725.
5, 203989
List the prime factors of 2062333.
7, 13, 131, 173
What are the prime factors of 5147?
5147
List the prime factors of 705552.
2, 3, 14699
List the prime factors of 4750872.
2, 3, 7, 28279
What are the prime factors of 154523?
154523
What are the prime factors of 196215?
3, 5, 103, 127
What are the prime factors of 3451047?
3, 1150349
List the prime factors of 367727.
17, 97, 223
List the prime factors of 221327.
221327
List the prime factors of 6792273.
3, 397, 1901
List the prime factors of 27397527.
3, 1433, 6373
List the prime factors of 231388.
2, 57847
List the prime factors of 36171029.
101, 107, 3347
What are the prime factors of 428092?
2, 7, 15289
What are the prime factors of 109012?
2, 27253
What are the prime factors of 3256974?
2, 3, 7, 25849
List the prime factors of 40021.
31, 1291
What are the prime factors of 83192?
2, 10399
What are the prime factors of 765119?
17, 45007
What are the prime factors of 107678?
2, 17, 3167
What are the prime factors of 248377?
23, 10799
List the prime factors of 351344.
2, 7, 3137
List the prime factors of 6159866.
2, 3079933
List the prime factors of 680169.
3, 7, 661
What are the prime factors of 9135327?
3, 3045109
List the prime factors of 236324.
2, 11, 41, 131
List the prime factors of 2857743.
3, 7, 45361
List the prime factors of 8432008.
2, 13, 81077
What are the prime factors of 383876?
2, 19, 5051
What are the prime factors of 4282956?
2, 3, 13219
List the prime factors of 504036.
2, 3, 13, 359
List the prime factors of 1418325.
3, 5, 18911
List the prime factors of 572616.
2, 3, 11, 241
List the prime factors of 598060.
2, 5, 17, 1759
List the prime factors of 16405.
5, 17, 193
What are the prime factors of 8831256?
2, 3, 7, 52567
What are the prime factors of 1746666?
2, 3, 23, 4219
List the prime factors of 193495.
5, 38699
What are the prime factors of 680667?
3, 13, 31, 563
List the prime factors of 9116799.
3, 3038933
What are the prime factors of 128104?
2, 67, 239
List the prime factors of 7022779.
131, 53609
What are the prime factors of 6986699?
19, 367721
What are the prime factors of 14749558?
2, 7374779
List the prime factors of 915232.
2, 37, 773
What are the prime factors of 19855777?
1063, 18679
List the prime factors of 3229185.
3, 5, 215279
List the prime factors of 7541703.
3, 13, 73, 883
List the prime factors of 61022.
2, 13, 2347
What are the prime factors of 253037?
79, 3203
What are the prime factors of 2154818?
2, 17, 63377
List the prime factors of 19387937.
173, 112069
What are the prime factors of 68405?
5, 13681
List the prime factors of 29067594.
2, 3, 4844599
List the prime factors of 304639.
353, 863
List the prime factors of 482532.
2, 3, 79, 509
What are the prime factors of 80641?
11, 7331
What are the prime factors of 356195?
5, 7, 10177
What are the prime factors of 6640340?
2, 5, 7, 47431
What are the prime factors of 236304?
2, 3, 547
What are the prime factors of 56582?
2, 19, 1489
What are the prime factors of 185820?
2, 3, 5, 19, 163
List the prime factors of 144128.
2, 563
What are the prime factors of 3311498?
2, 17, 97397
What are the prime factors of 4087431?
3, 454159
What are the prime factors of 12879938?
2, 6439969
What are the prime factors of 2223597?
3, 397, 1867
What are the prime factors of 2657667?
3, 885889
List the prime factors of 310878.
2, 3, 19, 101
List the prime factors of 2943664.
2, 183979
List the prime factors of 2492662.
2, 1246331
What are the prime factors of 5019785?
5, 1003957
List the prime factors of 1283539.
1283539
List the prime factors of 91806.
2, 3, 11, 13, 107
What are the prime factors of 229709?
29, 89
What are the prime factors of 23415224?
2, 7, 418129
What are the prime factors of 42162?
2, 3, 7027
What are the prime factors of 201814?
2, 100907
What are the prime factors of 5583443?
113, 49411
What are the prime factors of 824893?
824893
List the prime factors of 8191889.
67, 122267
List the prime factors of 1595802.
2, 3, 13, 41, 499
List the prime factors of 1030033.
1030033
What are the prime factors of 3136933?
3136933
List the prime factors of 5908247.
5908247
What are the prime factors of 940402?
2, 470201
List the prime factors of 689633.
7, 98519
List the prime factors of 303311.
29, 10459
List the prime factors of 11136164.
2, 13, 331, 647
What are the prime factors of 570774?
2, 3, 251, 379
What are the prime factors of 504326?
2, 252163
What are the prime factors of 2838076?
2, 709519
List the prime factors of 441764.
2, 110441
What are the prime factors of 3817141?
41, 157, 593
What are the prime factors of 15157364?
2, 19, 53, 71
What are the prime factors of 5847548?
2, 7, 97, 2153
List the prime factors of 12713708.
2, 7, 454061
What are the prime factors of 197242?
2, 98621
What are the prime factors of 1691869?
1691869
List the prime factors of 12693295.
5, 2538659
What are the prime factors of 148848?
2, 3, 7, 443
What are the prime factors of 4506674?
2, 37, 60901
What are the prime factors of 13102348?
2, 7, 467941
What are the prime factors of 3723240?
2, 3, 5, 19, 23, 71
What are the prime factors of 16848684?
2, 3, 468019
List the prime factors of 927084.
2, 3, 23, 3359
What are the prime factors of 43676?
2, 61, 179
List the prime factors of 215604.
2, 3, 53, 113
List the prime factors of 15399645.
3, 5, 433, 2371
What are the prime factors of 8924789?
409, 21821
What are the prime factors of 1284233?
37, 61, 569
What are the prime factors of 631770?
2, 3, 5, 21059
List the prime factors of 23665842.
2, 3, 1314769
List the prime factors of 5144359.
11, 467669
What are the prime factors of 211035?
3, 5, 11, 1279
What are the prime factors of 75253?
75253
What are the prime factors of 2968799?
223, 13313
What are the prime factors of 1080278?
2, 540139
What are the prime factors of 86121?
3, 7, 1367
List the prime factors of 33295083.
3, 107, 103723
List the prime factors of 448867.
448867
What are the prime factors of 86742?
2, 3, 61, 79
List the prime factors of 256442.
2, 128221
List the prime factors of 1420545.
3, 5, 7, 83, 163
What are the prime factors of 4119936?
2, 3, 10729
What are the prime factors of 14541736?
2, 11, 165247
List the prime factors of 138934.
2, 69467
List the prime factors of 50448.
2, 3, 1051
List the prime factors of 8394712.
2, 1049339
List the prime factors of 285042.
2, 3, 47507
What are the prime factors of 574149?
3, 23, 53, 157
List the prime factors of 6066150.
2, 3, 5, 37, 1093
List the prime factors of 423195.
3, 5, 89, 317
What are the prime factors of 1810843?
103, 17581
List the prime factors of 126773.
331, 383
List the prime factors of 1915056.
2, 3, 11, 13, 31
What are the prime factors of 24935445?
3, 5, 6841
What are the prime factors of 4677015?
3, 5, 7, 44543
What are the prime factors of 179745?
3, 5, 23, 521
List the prime factors of 5108704.
2, 17, 9391
What are the prime facto